{"id":26,"date":"2019-08-22T17:26:18","date_gmt":"2019-08-22T17:26:18","guid":{"rendered":"http:\/\/triopera.es\/?page_id=26"},"modified":"2019-08-29T16:39:43","modified_gmt":"2019-08-29T16:39:43","slug":"nuestro-repertorio","status":"publish","type":"page","link":"https:\/\/triopera.es\/index.php\/nuestro-repertorio\/","title":{"rendered":"Nuestro repertorio"},"content":{"rendered":"\n<p>\nCreemos que los programas que proponemos, se ajustan a distintos gustos y\n necesidades, y que son equilibrados, amenos y completos. <\/p>\n\n\n\n<p>Sin  embargo no son m\u00e1s que propuestas que pueden ajustarse en funci\u00f3n de sus  gustos y deseos. Por ello Vd. puede incorporar o excluir temas a partir  de nuestro variado repertorio que incluye tem\u00e1tica <a href=\"http:\/\/triopera.es\/index.php\/repertorio-religioso\/\">religiosa<\/a>,\u00a0 <a href=\"http:\/\/triopera.es\/index.php\/repertorio-de-camara\/\">Canci\u00f3n de C\u00e1mara<\/a>, <a href=\"http:\/\/triopera.es\/index.php\/repertorio-de-opera\/\">\u00d3pera<\/a> , <a href=\"http:\/\/triopera.es\/index.php\/repertorio-de-zarzuela\/\">Zarzuela y Canci\u00f3n Espa<\/a><a href=\"https:\/\/sites.google.com\/site\/trioperaes\/nuestro-repertorio\/zarzuela-y-cancion-espanola\">\u00f1ola<\/a>. <\/p>\n\n\n\n<p>No deje de consultarnos sus dudas y propuestas al respecto, a trav\u00e9s de nuestro <a href=\"http:\/\/triopera.es\/index.php\/contacto\/\">formulario de contacto. <\/a><\/p>\n","protected":false},"excerpt":{"rendered":"<p>Creemos que los programas que proponemos, se ajustan a distintos gustos y necesidades, y que son equilibrados, amenos y completos. Sin embargo no son m\u00e1s que propuestas que pueden ajustarse en funci\u00f3n de sus gustos y deseos. Por ello Vd. puede incorporar o excluir temas a partir de nuestro variado repertorio que incluye tem\u00e1tica religiosa,\u00a0 Canci\u00f3n de C\u00e1mara, \u00d3pera , Zarzuela y Canci\u00f3n Espa\u00f1ola. No deje de consultarnos sus dudas y propuestas al respecto, a trav\u00e9s de nuestro formulario de contacto.<\/p>\n","protected":false},"author":1,"featured_media":0,"parent":0,"menu_order":0,"comment_status":"closed","ping_status":"closed","template":"","meta":[],"yoast_head":"<!-- This site is optimized with the Yoast SEO plugin v15.9 - https:\/\/yoast.com\/wordpress\/plugins\/seo\/ -->\n<title>Nuestro repertorio - TriOpera.es<\/title>\n<meta name=\"description\" content=\"TriOpera es un conjunto l\u00edrico formado por una soprano, un tenor y un pianista radicado en Madrid, Espa\u00f1a. TriOpera interpreta romanzas de zarzuela y arias de \u00f3pera as\u00ed como repertorio religioso y de c\u00e1mara.\" \/>\n<meta name=\"robots\" content=\"index, follow, max-snippet:-1, max-image-preview:large, max-video-preview:-1\" \/>\n<link rel=\"canonical\" href=\"http:\/\/triopera.es\/index.php\/nuestro-repertorio\/\" \/>\n<meta property=\"og:locale\" content=\"es_ES\" \/>\n<meta property=\"og:type\" content=\"article\" \/>\n<meta property=\"og:title\" content=\"Nuestro repertorio - TriOpera.es\" \/>\n<meta property=\"og:description\" content=\"TriOpera es un conjunto l\u00edrico formado por una soprano, un tenor y un pianista radicado en Madrid, Espa\u00f1a. TriOpera interpreta romanzas de zarzuela y arias de \u00f3pera as\u00ed como repertorio religioso y de c\u00e1mara.\" \/>\n<meta property=\"og:url\" content=\"http:\/\/triopera.es\/index.php\/nuestro-repertorio\/\" \/>\n<meta property=\"og:site_name\" content=\"TriOpera.es\" \/>\n<meta property=\"article:modified_time\" content=\"2019-08-29T16:39:43+00:00\" \/>\n<meta name=\"twitter:card\" content=\"summary_large_image\" \/>\n<script type=\"application\/ld+json\" class=\"yoast-schema-graph\">{\"@context\":\"https:\/\/schema.org\",\"@graph\":[{\"@type\":\"Organization\",\"@id\":\"http:\/\/triopera.es\/#organization\",\"name\":\"TriOpera\",\"url\":\"http:\/\/triopera.es\/\",\"sameAs\":[],\"logo\":{\"@type\":\"ImageObject\",\"@id\":\"http:\/\/triopera.es\/#logo\",\"inLanguage\":\"es\",\"url\":\"https:\/\/triopera.es\/wp-content\/uploads\/2019\/08\/logotipo-TriOperaGrande-Garamond.jpg\",\"width\":1435,\"height\":320,\"caption\":\"TriOpera\"},\"image\":{\"@id\":\"http:\/\/triopera.es\/#logo\"}},{\"@type\":\"WebSite\",\"@id\":\"http:\/\/triopera.es\/#website\",\"url\":\"http:\/\/triopera.es\/\",\"name\":\"TriOpera.es\",\"description\":\"Soprano, tenor y pianista\",\"publisher\":{\"@id\":\"http:\/\/triopera.es\/#organization\"},\"potentialAction\":[{\"@type\":\"SearchAction\",\"target\":\"http:\/\/triopera.es\/?s={search_term_string}\",\"query-input\":\"required name=search_term_string\"}],\"inLanguage\":\"es\"},{\"@type\":\"WebPage\",\"@id\":\"http:\/\/triopera.es\/index.php\/nuestro-repertorio\/#webpage\",\"url\":\"http:\/\/triopera.es\/index.php\/nuestro-repertorio\/\",\"name\":\"Nuestro repertorio - TriOpera.es\",\"isPartOf\":{\"@id\":\"http:\/\/triopera.es\/#website\"},\"datePublished\":\"2019-08-22T17:26:18+00:00\",\"dateModified\":\"2019-08-29T16:39:43+00:00\",\"description\":\"TriOpera es un conjunto l\\u00edrico formado por una soprano, un tenor y un pianista radicado en Madrid, Espa\\u00f1a. TriOpera interpreta romanzas de zarzuela y arias de \\u00f3pera as\\u00ed como repertorio religioso y de c\\u00e1mara.\",\"breadcrumb\":{\"@id\":\"http:\/\/triopera.es\/index.php\/nuestro-repertorio\/#breadcrumb\"},\"inLanguage\":\"es\",\"potentialAction\":[{\"@type\":\"ReadAction\",\"target\":[\"http:\/\/triopera.es\/index.php\/nuestro-repertorio\/\"]}]},{\"@type\":\"BreadcrumbList\",\"@id\":\"http:\/\/triopera.es\/index.php\/nuestro-repertorio\/#breadcrumb\",\"itemListElement\":[{\"@type\":\"ListItem\",\"position\":1,\"item\":{\"@type\":\"WebPage\",\"@id\":\"http:\/\/triopera.es\/\",\"url\":\"http:\/\/triopera.es\/\",\"name\":\"Portada\"}},{\"@type\":\"ListItem\",\"position\":2,\"item\":{\"@type\":\"WebPage\",\"@id\":\"http:\/\/triopera.es\/index.php\/nuestro-repertorio\/\",\"url\":\"http:\/\/triopera.es\/index.php\/nuestro-repertorio\/\",\"name\":\"Nuestro repertorio\"}}]}]}<\/script>\n<!-- \/ Yoast SEO plugin. -->","_links":{"self":[{"href":"https:\/\/triopera.es\/index.php\/wp-json\/wp\/v2\/pages\/26"}],"collection":[{"href":"https:\/\/triopera.es\/index.php\/wp-json\/wp\/v2\/pages"}],"about":[{"href":"https:\/\/triopera.es\/index.php\/wp-json\/wp\/v2\/types\/page"}],"author":[{"embeddable":true,"href":"https:\/\/triopera.es\/index.php\/wp-json\/wp\/v2\/users\/1"}],"replies":[{"embeddable":true,"href":"https:\/\/triopera.es\/index.php\/wp-json\/wp\/v2\/comments?post=26"}],"version-history":[{"count":6,"href":"https:\/\/triopera.es\/index.php\/wp-json\/wp\/v2\/pages\/26\/revisions"}],"predecessor-version":[{"id":269,"href":"https:\/\/triopera.es\/index.php\/wp-json\/wp\/v2\/pages\/26\/revisions\/269"}],"wp:attachment":[{"href":"https:\/\/triopera.es\/index.php\/wp-json\/wp\/v2\/media?parent=26"}],"curies":[{"name":"wp","href":"https:\/\/api.w.org\/{rel}","templated":true}]}}