{"id":224,"date":"2019-08-29T14:37:14","date_gmt":"2019-08-29T14:37:14","guid":{"rendered":"http:\/\/triopera.es\/?page_id=224"},"modified":"2019-08-29T17:50:15","modified_gmt":"2019-08-29T17:50:15","slug":"bodas-y-celebraciones","status":"publish","type":"page","link":"https:\/\/triopera.es\/index.php\/bodas-y-celebraciones\/","title":{"rendered":"Bodas y celebraciones"},"content":{"rendered":"\n<p><strong>Interpretamos\n m\u00fasica l\u00edrica en vivo en todo tipo de actos y ceremonias, ya sean \nciviles o religiosos, tales como bodas, bautizos, comuniones, \nordenaciones sacerdotales, etc.<\/strong><strong>&nbsp;<\/strong><\/p>\n\n\n\n<p><strong>En\n el que ha de ser uno de los d\u00edas m\u00e1s importantes de nuestra vida, es \nfundamental cuidar al m\u00e1ximo la m\u00fasica que acompa\u00f1ar\u00e1 toda la \ncelebraci\u00f3n nupcial.<\/strong><\/p>\n\n\n\n<p>Los\n momento m\u00e1s entra\u00f1ables en nuestra vida suelen ir asociados a una \ndeterminada pieza musical, y cuando volvemos a escucharla rememoramos \nesas situaciones inolvidables.&nbsp;En este sentido, lo m\u00e1s bonito es escuchar m\u00fasica en directo y no hay un instrumento m\u00e1s emotivo que la voz.&nbsp;<\/p>\n\n\n\n<p>Eligiendo\n las piezas adecuadas, se conseguir\u00e1 realzar el momento y despertar \nemociones y sensaciones no s\u00f3lo en los novios, sino tambi\u00e9n en todos los\n invitados all\u00ed presentes.&nbsp;La \nm\u00fasica que suene en su ceremonia nupcial ser\u00e1 sin duda uno de los \nelementos que sus invitados recuerden durante mucho tiempo.&nbsp;<\/p>\n\n\n\n<p>No dude en<a href=\"http:\/\/triopera.es\/index.php\/contacto\/\"> contactar<\/a>  con nosotros y pedirnos presupuesto, les ayudaremos a elegir esas  piezas musicales especiales para su boda, teniendo en cuenta distintos  factores como el tipo de ceremonia, el lugar de celebraci\u00f3n, el momento  en el que sonar\u00e1n, los gustos y preferencias de los novios y asistentes  al evento&#8230;<\/p>\n\n\n\n<p><strong><em>Ceremonias Religiosas:<\/em><\/strong><\/p>\n\n\n\n<p>En\n las ceremonias religiosas, hay&nbsp;cinco momentos de la misa&nbsp;en los que, \npodr\u00edamos decir que es imprescindible escuchar una pieza musical:<br>\n<\/p>\n\n\n\n<ul><li><strong>Entrada de la novia: <\/strong>el\n paseo de la novia hacia el altar&nbsp;es un momento de gran intensidad en el\n que la novia aparece ante los ojos de todos. Tradicionalmente se \nescucha alguna marcha nupcial o alguna pieza como Canticorum Jubilo \n(Haendel)<\/li><li><strong>Entre lecturas<\/strong>, y justo antes del Evangelio, es costumbre interpretar un &nbsp;un \u201cAleluya\u201d, (por ej. de Haendel o Mozart).<\/li><li>Ofertotio: Despu\u00e9s del rito del&nbsp;matrimonio&nbsp;(consentimiento\n e intercambio de anillos y arras) llega el Ofertorio. Es justo el \nmomento de interpretar un \u201cAve Mar\u00eda\u201d. Muchos compositores han escrito \n\u201cAve Mar\u00edas\u201d preciosos: Schubert, Bach\/Gounod, Caccini, Massenet\u2026&nbsp;<\/li><li><strong>La Comuni\u00f3n<\/strong>&nbsp;constituye\n un momento de meditaci\u00f3n y recogimiento especialmente adecuado para \nescuchar m\u00fasica. La pieza id\u00f3nea que adem\u00e1s es bastante conocida es el \n\u201cPanis Angelicus\u201d, de Franck.&nbsp;<\/li><li>El momento de las <strong>firmas y la&nbsp;<\/strong><strong>salida de los novios<\/strong>&nbsp;tambi\u00e9n suele acompa\u00f1arse de m\u00fasica.<\/li><\/ul>\n\n\n\n<p>Adem\u00e1s de \u00e9stos, tambi\u00e9n hay otros momentos en los que se pueden interpretar &nbsp;m\u00fasica, tales como:&nbsp;la entrada del novio y la madrina,&nbsp;el Santo,&nbsp;la Paz, &nbsp;etc.<\/p>\n\n\n\n<p><strong><em>Ceremonias Civiles:<\/em><\/strong><\/p>\n\n\n\n<p>En las ceremonias civiles, se suele acompa\u00f1ar con una amenizaci\u00f3n musical cada una de las siguientes partes:<br>\n<\/p>\n\n\n\n<ul><li>Recepci\u00f3n de Invitados: suelen interpretarse piezas instrumentales.<\/li><li><strong>Entrada de los novios:&nbsp;<\/strong>Tanto\n para la entrada del novio como de la novia. El paseo de la novia hacia \nel altar&nbsp;es un momento de gran intensidad en el que la novia aparece \nante los ojos de todos. Tradicionalmente se escucha alguna marcha \nnupcial o alguna pieza como Canticorum Jubilo (Haendel)<\/li><li>Despu\u00e9s de la lectura del art.68:\n Aunque se trate de una ceremonia civil, a muchos novios les gusta \nescuchar un Ave Mar\u00eda, despu\u00e9s de haber dado el consentimiento.<\/li><li>Imposici\u00f3n de anillos: tambi\u00e9n suele interpretarse piezas instrumentales.<\/li><li>Firmas y fotos: Proponemos canciones de c\u00e1mara.<\/li><li>Salida de los novios: Normalmente se interpreta alg\u00fan Aleluya.<\/li><\/ul>\n","protected":false},"excerpt":{"rendered":"<p>Interpretamos m\u00fasica l\u00edrica en vivo en todo tipo de actos y ceremonias, ya sean civiles o religiosos, tales como bodas, bautizos, comuniones, ordenaciones sacerdotales, etc.&nbsp; En el que ha de ser uno de los d\u00edas m\u00e1s importantes de nuestra vida, es fundamental cuidar al m\u00e1ximo la m\u00fasica que acompa\u00f1ar\u00e1 toda la celebraci\u00f3n nupcial. Los momento m\u00e1s entra\u00f1ables en nuestra vida suelen ir asociados a una determinada pieza musical, y cuando volvemos a escucharla rememoramos esas situaciones inolvidables.&nbsp;En este sentido, lo m\u00e1s bonito es escuchar m\u00fasica en directo y no hay un instrumento m\u00e1s emotivo que la voz.&nbsp; Eligiendo las piezas [&hellip;]<\/p>\n","protected":false},"author":1,"featured_media":0,"parent":0,"menu_order":0,"comment_status":"closed","ping_status":"closed","template":"template-fullwidth.php","meta":[],"yoast_head":"<!-- This site is optimized with the Yoast SEO plugin v15.9 - https:\/\/yoast.com\/wordpress\/plugins\/seo\/ -->\n<title>Bodas y celebraciones - TriOpera.es<\/title>\n<meta name=\"description\" content=\"TriOpera es un conjunto l\u00edrico formado por una soprano, un tenor y un pianista radicado en Madrid, Espa\u00f1a. TriOpera interpreta romanzas de zarzuela y arias de \u00f3pera as\u00ed como repertorio religioso y de c\u00e1mara.\" \/>\n<meta name=\"robots\" content=\"index, follow, max-snippet:-1, max-image-preview:large, max-video-preview:-1\" \/>\n<link rel=\"canonical\" href=\"http:\/\/triopera.es\/index.php\/bodas-y-celebraciones\/\" \/>\n<meta property=\"og:locale\" content=\"es_ES\" \/>\n<meta property=\"og:type\" content=\"article\" \/>\n<meta property=\"og:title\" content=\"Bodas y celebraciones - TriOpera.es\" \/>\n<meta property=\"og:description\" content=\"TriOpera es un conjunto l\u00edrico formado por una soprano, un tenor y un pianista radicado en Madrid, Espa\u00f1a. TriOpera interpreta romanzas de zarzuela y arias de \u00f3pera as\u00ed como repertorio religioso y de c\u00e1mara.\" \/>\n<meta property=\"og:url\" content=\"http:\/\/triopera.es\/index.php\/bodas-y-celebraciones\/\" \/>\n<meta property=\"og:site_name\" content=\"TriOpera.es\" \/>\n<meta property=\"article:modified_time\" content=\"2019-08-29T17:50:15+00:00\" \/>\n<meta name=\"twitter:card\" content=\"summary_large_image\" \/>\n<meta name=\"twitter:label1\" content=\"Tiempo de lectura\">\n\t<meta name=\"twitter:data1\" content=\"3 minutos\">\n<script type=\"application\/ld+json\" class=\"yoast-schema-graph\">{\"@context\":\"https:\/\/schema.org\",\"@graph\":[{\"@type\":\"Organization\",\"@id\":\"http:\/\/triopera.es\/#organization\",\"name\":\"TriOpera\",\"url\":\"http:\/\/triopera.es\/\",\"sameAs\":[],\"logo\":{\"@type\":\"ImageObject\",\"@id\":\"http:\/\/triopera.es\/#logo\",\"inLanguage\":\"es\",\"url\":\"https:\/\/triopera.es\/wp-content\/uploads\/2019\/08\/logotipo-TriOperaGrande-Garamond.jpg\",\"width\":1435,\"height\":320,\"caption\":\"TriOpera\"},\"image\":{\"@id\":\"http:\/\/triopera.es\/#logo\"}},{\"@type\":\"WebSite\",\"@id\":\"http:\/\/triopera.es\/#website\",\"url\":\"http:\/\/triopera.es\/\",\"name\":\"TriOpera.es\",\"description\":\"Soprano, tenor y pianista\",\"publisher\":{\"@id\":\"http:\/\/triopera.es\/#organization\"},\"potentialAction\":[{\"@type\":\"SearchAction\",\"target\":\"http:\/\/triopera.es\/?s={search_term_string}\",\"query-input\":\"required name=search_term_string\"}],\"inLanguage\":\"es\"},{\"@type\":\"WebPage\",\"@id\":\"http:\/\/triopera.es\/index.php\/bodas-y-celebraciones\/#webpage\",\"url\":\"http:\/\/triopera.es\/index.php\/bodas-y-celebraciones\/\",\"name\":\"Bodas y celebraciones - TriOpera.es\",\"isPartOf\":{\"@id\":\"http:\/\/triopera.es\/#website\"},\"datePublished\":\"2019-08-29T14:37:14+00:00\",\"dateModified\":\"2019-08-29T17:50:15+00:00\",\"description\":\"TriOpera es un conjunto l\\u00edrico formado por una soprano, un tenor y un pianista radicado en Madrid, Espa\\u00f1a. TriOpera interpreta romanzas de zarzuela y arias de \\u00f3pera as\\u00ed como repertorio religioso y de c\\u00e1mara.\",\"breadcrumb\":{\"@id\":\"http:\/\/triopera.es\/index.php\/bodas-y-celebraciones\/#breadcrumb\"},\"inLanguage\":\"es\",\"potentialAction\":[{\"@type\":\"ReadAction\",\"target\":[\"http:\/\/triopera.es\/index.php\/bodas-y-celebraciones\/\"]}]},{\"@type\":\"BreadcrumbList\",\"@id\":\"http:\/\/triopera.es\/index.php\/bodas-y-celebraciones\/#breadcrumb\",\"itemListElement\":[{\"@type\":\"ListItem\",\"position\":1,\"item\":{\"@type\":\"WebPage\",\"@id\":\"http:\/\/triopera.es\/\",\"url\":\"http:\/\/triopera.es\/\",\"name\":\"Portada\"}},{\"@type\":\"ListItem\",\"position\":2,\"item\":{\"@type\":\"WebPage\",\"@id\":\"http:\/\/triopera.es\/index.php\/bodas-y-celebraciones\/\",\"url\":\"http:\/\/triopera.es\/index.php\/bodas-y-celebraciones\/\",\"name\":\"Bodas y celebraciones\"}}]}]}<\/script>\n<!-- \/ Yoast SEO plugin. -->","_links":{"self":[{"href":"https:\/\/triopera.es\/index.php\/wp-json\/wp\/v2\/pages\/224"}],"collection":[{"href":"https:\/\/triopera.es\/index.php\/wp-json\/wp\/v2\/pages"}],"about":[{"href":"https:\/\/triopera.es\/index.php\/wp-json\/wp\/v2\/types\/page"}],"author":[{"embeddable":true,"href":"https:\/\/triopera.es\/index.php\/wp-json\/wp\/v2\/users\/1"}],"replies":[{"embeddable":true,"href":"https:\/\/triopera.es\/index.php\/wp-json\/wp\/v2\/comments?post=224"}],"version-history":[{"count":3,"href":"https:\/\/triopera.es\/index.php\/wp-json\/wp\/v2\/pages\/224\/revisions"}],"predecessor-version":[{"id":315,"href":"https:\/\/triopera.es\/index.php\/wp-json\/wp\/v2\/pages\/224\/revisions\/315"}],"wp:attachment":[{"href":"https:\/\/triopera.es\/index.php\/wp-json\/wp\/v2\/media?parent=224"}],"curies":[{"name":"wp","href":"https:\/\/api.w.org\/{rel}","templated":true}]}}